divided by 22.
21
Suppose 0 = -4*c + 2*m + 138, -2*c - m + 72 = -3*m. Calculate the remainder when 65 is divided by c.
32
Let r(c) be the first derivative of 2 + 0*c - 3/2*c**2 - c**4 - 4/3*c**3. What is the remainder when r(-2) is divided by 8?
6
Let c be 0 - ((-2)/2 + 3). Let z(r) = -14*r - 2. Let u(w) = -3*w - 3. Calculate the remainder when z(c) is divided by u(-4).
8
Let g = 15 + 5. Let f = 47 - g. Let r(s) = -3*s - 4. What is the remainder when f is divided by r(-6)?
13
Let m(z) = 58*z**3 + 2*z**2 - 2*z + 1. Let i be m(1). Suppose a + 3*v = 4*v + i, -4*a = 3*v - 257. What is the remainder when a is divided by 16?
14
Let x = 127 + -114. What is the remainder when 31 is divided by x?
5
Suppose -2*t = -2 - 2. Suppose 0 = -z + 4, -t*y + 45 - 9 = z. Calculate the remainder when y is divided by -1*(248/(-28) - 1/7).
7
Let x(a) = a - 6. Let m be (-23)/(-3) + (-6)/9. Calculate the remainder when (4/6)/(4/6) is divided by x(m).
0
Let r = -61 + 90. What is the remainder when r is divided by ((-3)/2)/((-3)/20)?
9
Suppose -2*v + 2*j = 2*v - 44, 3*j = 12. Calculate the remainder when 89 is divided by v.
11
Let f = -11 + 26. What is the remainder when 29 is divided by f?
14
Suppose -2*f = -0*f - 150. What is the remainder when f is divided by 19?
18
Suppose 0*z - 3*z = 3*f - 333, -2*z = -3*f + 338. Suppose 0 = 4*n, -2*p + 22 = 2*n - f. Calculate the remainder when p is divided by 23.
21
Calculate the remainder when 3 - 34/(-4)*2 is divided by 6.
2
Let v(b) = b**2 + b - 30. Let c be v(0). What is the remainder when 39 is divided by (-2)/(4/c) - 1?
11
Let o(g) = -72*g**3 - g**2. Let s be o(-1). Suppose 109 + s = 5*x. Calculate the remainder when x is divided by 19.
17
Let v = 68 - 45. Let l = v + -6. Calculate the remainder when l is divided by 6.
5
Suppose 2*g - 4*l = -3 + 13, 0 = -4*g + l - 1. Calculate the remainder when g - (-7)/((-14)/(-72)) is divided by 12.
11
Let w(z) = -z**2 + 12*z + 1. Suppose -4*a + 54 = a + 3*y, 8 = a + 2*y. Calculate the remainder when 3 is divided by w(a).
0
Let t = 1 + 3. Suppose -t*i + 3*i = -6. What is the remainder when 8 is divided by ((-20)/i)/(4/(-6))?
3
Let k = -35 + 70. Let h(p) = 18*p**2 + p. Calculate the remainder when k is divided by h(1).
16
Suppose -n + 0*n - 4 = 0. Let m(v) = -3*v - 5. Calculate the remainder when 20 is divided by m(n).
6
Let a(r) = -r + 9. Let m be a(3). Suppose z - 2*i + m*i = 39, -49 = -3*z + 5*i. What is the remainder when 66 is divided by z?
20
Let u = -3 - 18. Calculate the remainder when 6/u - (-1224)/21 is divided by 15.
13
Suppose 2*t - 54 = 4*v, t + 2*v - 11 = -0*v. Suppose -3*f + t = -2*f. What is the remainder when 36 is divided by f?
17
Suppose 4*u = -31 + 135. Let t be (9/(-6) - -2)*6. Suppose -5*j + 0 + 86 = 4*f, 4*j + t*f = 68. Calculate the remainder when u is divided by j.
12
Let r = 37 + -20. What is the remainder when r is divided by 5?
2
Suppose 0 = -w + 5*w - 36. What is the remainder when 24 is divided by w?
6
Let d = -7 - -18. Suppose 4 = -2*j + w, 4*j + d - 3 = 3*w. What is the remainder when 58 is divided by ((-60)/(-9))/(j/(-6))?
18
Let y(v) = v**2 - 11*v + 33. Calculate the remainder when 7 is divided by y(6).
1
Suppose 4*i - o + 4*o - 180 = 0, -o = -4. Let p = -102 - -145. Let u = 65 - p. Calculate the remainder when i is divided by u.
20
Suppose -y = 0, -2*d = 3*d - 5*y - 110. Calculate the remainder when d is divided by 5 - -3 - (1 + -1).
6
Let c = 8 - 3. Suppose 5*b - 11 - 24 = -5*r, -r + 11 = 2*b. Suppose -2*v - 13 = -r*v. Calculate the remainder when v is divided by c.
3
Suppose 310 = -17*l + 871. What is the remainder when 114 is divided by l?
15
Suppose 3*t - 148 = 83. Suppose -60 = -10*y + 140. What is the remainder when t is divided by y?
17
Let h be 2*(-3)/6 + 3. Suppose -v + 20 = f - 5*v, 0 = -h*f - v + 13. What is the remainder when f is divided by (1 - 4)*4/(-4)?
2
Suppose -5*p + 22 = -3. Suppose -p*o = -58 - 27. Let d(r) = -17*r - 2. What is the remainder when d(-2) is divided by o?
15
Suppose 0*k + 52 = 2*k - 2*b, 5*k - 122 = 3*b. Suppose -2*y = -3*n - 43, 63 = -2*n - 2*n - 3*y. Let h = 21 + n. Calculate the remainder when k is divided by h.
4
Suppose -3*b - 144 = -24. Let h = 70 + b. What is the remainder when h is divided by 16?
14
Suppose -5*h + 37 = -r, 2*r - 75 = 5*r - 3*h. Let c = 24 - r. Calculate the remainder when c is divided by 24.
22
Suppose -6*h = -4*h - 20. Let b = h - 5. Calculate the remainder when b is divided by 2.
1
Suppose -11 = -3*b + 28. Let p = -3 - -5. Suppose 0 = t - p*k + 1, -7*t + 3*t + 2*k + 14 = 0. What is the remainder when b is divided by t?
3
Let i = 18 + 5. Suppose 4*c + i - 79 = 0. Calculate the remainder when 25 is divided by c.
11
Let i = -18 - -25. Let w be (1/(-4))/((-2)/(-8)). Let x = 5 + w. Calculate the remainder when i is divided by x.
3
Calculate the remainder when (-2)/(((-4)/470)/((-1)/(-5))) is divided by 25.
22
Calculate the remainder when -2 + -2 + 21 + 2 is divided by (-8 - -21) + -3*1.
9
Suppose 5*p = 0, 0 = -d + 4*p + 6 - 0. Calculate the remainder when d is divided by 4.
2
Calculate the remainder when 351/36*(-32)/(-6) is divided by 14.
10
Let n be 1/(-2) + 314/4. Suppose -2*c - 20 = -4*g, -4*c - n = 2*g - 18. Calculate the remainder when 19 is divided by (-1)/(1 + 16/c).
5
Let z(t) = -t**3 + 9*t**2 - 2*t + 3. Let b(v) = -v**3 + 10*v**2 + 2*v - 15. Let f be b(10). What is the remainder when z(f) is divided by 24?
21
Suppose -7*s = -2*s - 35. Suppose -30 = -5*w - 15. What is the remainder when s is divided by w?
1
Suppose 0 = -2*p + 4*p + 24. Let k = -43 + 74. What is the remainder when k is divided by 2/(-4) + (-138)/p?
9
Let v(s) = -2*s**2 + s - 1. Let q be v(1). What is the remainder when 13 is divided by (12/(-9))/(q/12)?
5
Suppose -3*u + 17 = -j, 3*u + 3*j - 26 = u. Let y be 12 + 3*(1 - 0). Let x = y - 2. Calculate the remainder when x is divided by u.
6
Suppose -20 = 5*t + 4*s - 9*s, 3*t + 20 = 5*s. Let b be t/(-1) - (-18)/2. Calculate the remainder when 65/9 + (-2)/b is divided by 3.
1
Suppose -2*v - 3*p + 43 = -55, 3*p = -6. Calculate the remainder when v is divided by 18.
16
Let q(y) = 4*y + 4. Suppose -4*c - 85 = -3*p, -5*c - 40 = -3*p + 43. Calculate the remainder when p is divided by q(3).
15
Let u = 62 + -36. Let c = 5 + -2. Suppose 5*x - c*h = 44, 2 = -h - 1. Calculate the remainder when u is divided by x.
5
Let q(l) = 115*l**3 + 2*l**2 - 2*l + 1. Let m be q(1). Let y = m - 46. What is the remainder when y is divided by 18?
16
Calculate the remainder when 2 + 19 + 3 + 2 is divided by 14.
12
Suppose -q + 3*z + 114 = 0, -187 = -4*q - 2*z + 241. What is the remainder when q is divided by 22?
20
Calculate the remainder when (-1)/(4/75)*-4 is divided by (8 + -6)*39/6.
10
Suppose 3*b + 70 = 5*m, -b + 21 = m - 3*b. Calculate the remainder when 21 is divided by m.
10
Let u = 2 - -7. Suppose -2*a = a - u. Calculate the remainder when 3 is divided by a.
0
Let j = -1 + 0. Suppose 2*b + t = 5*b - 22, -2*t + 16 = 4*b. Calculate the remainder when -20*(j + 3/15) is divided by b.
4
Let q = 2 + 2. Let r(f) be the third derivative of f**5/30 + 5*f**4/24 - f**3 + 3*f**2. Calculate the remainder when r(q) is divided by 16.
14
Let x(d) = -d**3 + 4*d**2 + 1. Let y be x(3). Let h = 22 - y. What is the remainder when 22 is divided by h?
10
Let j(y) = y**3 - 4*y**2 + 2. Let p be j(4). Let t be 2/(2/(p + 6)). Suppose -t = -a - a. What is the remainder when 11 is divided by a?
3
Let a = 131 - 87. What is the remainder when a is divided by 24?
20
Suppose 0 = -7*b - 13*b + 140. Suppose 0 = -z + 2 - 0. Calculate the remainder when b is divided by z.
1
Suppose 0 = 5*o + 2*i - 5*i - 45, -o - 2*i = -22. Suppose -7 = -y + 26. What is the remainder when y is divided by o?
9
Calculate the remainder when 0 + (966/3)/1 is divided by 65.
62
Let c = -4 + 26. Calculate the remainder when c is divided by 12.
10
Let m be 0/(-4*1/2). Suppose m*l - 3*l = -60. What is the remainder when 38 is divided by l?
18
Suppose 0*p = 2*p. Suppose -5*k + 3*a = -2, p*k - 5 = -4*k - a. Calculate the remainder when 1 is divided by k.
0
Let t(y) = -y - 1. Let l be t(-6). Suppose -3*w + 30 + 17 = s, 4*w = l*s + 31. Suppose 2*r + 3*r = 125. What is the remainder when r is divided by w?
11
Let c(h) = -34*h**3 + h**2. Calculate the remainder 